237 is divided by 102.
97
Calculate the remainder when 1801 is divided by 717.
367
Calculate the remainder when 59691 is divided by 9947.
9
Calculate the remainder when 4317 is divided by 1670.
977
What is the remainder when 24008 is divided by 1094?
1034
Calculate the remainder when 268268 is divided by 95.
83
Calculate the remainder when 170090 is divided by 57.
2
Calculate the remainder when 78896 is divided by 39386.
124
What is the remainder when 866357 is divided by 28?
9
Calculate the remainder when 238492 is divided by 26494.
46
Calculate the remainder when 74017 is divided by 31.
20
What is the remainder when 2787518 is divided by 40?
38
Calculate the remainder when 168108 is divided by 10.
8
Calculate the remainder when 53051 is divided by 881.
191
What is the remainder when 6449 is divided by 33?
14
Calculate the remainder when 1782 is divided by 344.
62
Calculate the remainder when 1072511 is divided by 63.
62
Calculate the remainder when 23730 is divided by 505.
500
What is the remainder when 5624 is divided by 339?
200
Calculate the remainder when 2637 is divided by 60.
57
Calculate the remainder when 235916 is divided by 25.
16
What is the remainder when 31989 is divided by 135?
129
Calculate the remainder when 172166 is divided by 56.
22
What is the remainder when 5070 is divided by 62?
48
What is the remainder when 313380 is divided by 3602?
6
What is the remainder when 14209 is divided by 44?
41
What is the remainder when 25317 is divided by 10?
7
Calculate the remainder when 3363 is divided by 153.
150
Calculate the remainder when 2108 is divided by 607.
287
Calculate the remainder when 8896 is divided by 471.
418
Calculate the remainder when 10130 is divided by 16.
2
What is the remainder when 9397 is divided by 2334?
61
What is the remainder when 612 is divided by 594?
18
Calculate the remainder when 5239 is divided by 376.
351
Calculate the remainder when 4313 is divided by 2153.
7
What is the remainder when 211273 is divided by 760?
753
Calculate the remainder when 75103 is divided by 47.
44
Calculate the remainder when 16668 is divided by 141.
30
Calculate the remainder when 2905 is divided by 354.
73
Calculate the remainder when 3388079 is divided by 103.
100
Calculate the remainder when 491155 is divided by 303.
295
What is the remainder when 73728 is divided by 66?
6
Calculate the remainder when 12109 is divided by 6037.
35
What is the remainder when 64403 is divided by 11?
9
Calculate the remainder when 47056 is divided by 168.
16
What is the remainder when 17029 is divided by 589?
537
Calculate the remainder when 128531 is divided by 42841.
8
What is the remainder when 1325 is divided by 414?
83
Calculate the remainder when 4176 is divided by 1031.
52
Calculate the remainder when 3102 is divided by 42.
36
Calculate the remainder when 83130 is divided by 169.
151
What is the remainder when 12612 is divided by 12607?
5
What is the remainder when 3400924 is divided by 16?
12
Calculate the remainder when 28589 is divided by 36.
5
Calculate the remainder when 17927 is divided by 854.
847
What is the remainder when 6056 is divided by 236?
156
Calculate the remainder when 737 is divided by 44.
33
Calculate the remainder when 753 is divided by 609.
144
Calculate the remainder when 79903 is divided by 39947.
9
Calculate the remainder when 1696225 is divided by 403.
401
Calculate the remainder when 569 is divided by 363.
206
What is the remainder when 65492 is divided by 15?
2
What is the remainder when 77602 is divided by 77594?
8
Calculate the remainder when 6879 is divided by 170.
79
What is the remainder when 1319 is divided by 313?
67
Calculate the remainder when 18947 is divided by 27.
20
Calculate the remainder when 184136 is divided by 186.
182
What is the remainder when 28126 is divided by 7021?
42
What is the remainder when 472798 is divided by 800?
798
Calculate the remainder when 45363 is divided by 18.
3
Calculate the remainder when 382669 is divided by 6.
1
What is the remainder when 9654 is divided by 602?
22
Calculate the remainder when 1661 is divided by 99.
77
What is the remainder when 932 is divided by 892?
40
What is the remainder when 58772 is divided by 43?
34
Calculate the remainder when 39352 is divided by 2.
0
What is the remainder when 926996 is divided by 180?
176
What is the remainder when 1376 is divided by 37?
7
What is the remainder when 300278 is divided by 5?
3
Calculate the remainder when 7846 is divided by 109.
107
Calculate the remainder when 839622 is divided by 562.
556
Calculate the remainder when 6805 is divided by 6588.
217
What is the remainder when 100163 is divided by 29?
26
What is the remainder when 553039 is divided by 2152?
2127
What is the remainder when 124759 is divided by 45?
19
What is the remainder when 927 is divided by 918?
9
What is the remainder when 5415 is divided by 2666?
83
What is the remainder when 14177 is divided by 26?
7
Calculate the remainder when 526 is divided by 219.
88
Calculate the remainder when 2471 is divided by 2385.
86
Calculate the remainder when 435 is divided by 49.
43
What is the remainder when 53049 is divided by 515?
4
Calculate the remainder when 102838 is divided by 335.
328
What is the remainder when 1138613 is divided by 70?
63
What is the remainder when 48585 is divided by 395?
0
Calculate the remainder when 1024 is divided by 399.
226
What is the remainder when 6122 is divided by 403?
77
Calculate the remainder when 1000 is divided by 221.
116
What is the remainder when 1495 is divided by 158?
73
What is the remainder when 36641 is divided by 178?
151
Calculate the remainder when 26577 is divided by 62.
41
Calculate the remainder when 8057 is divided by 13.
10
What is the remainder when 2901 is divided by 274?
161
Calculate the remainder when 40483 is divided by 20237.
9
What is the remainder when 930020 is divided by 232503?
8
What is the remainder when 11851 is divided by 228?
223
What is the remainder when 386367 is divided by 13323?
0
Calculate the remainder when 97135 is divided by 4413.
49
Calculate the remainder when 3349893 is divided by 33.
30
What is the remainder when 51868 is divided by 40?
28
Calculate the remainder when 19796 is divided by 99.
95
Calculate the remainder when 22308 is divided by 708.
360
Calculate the remainder when 33482 is divided by 1860.
2
Calculate the remainder when 1455 is divided by 261.
150
Calculate the remainder when 40894 is divided by 576.
574
What is the remainder when 1070 is divided by 345?
35
Calculate the remainder when 37696 is divided by 34.
24
Calculate the remainder when 360 is divided by 352.
8
Calculate the remainder when 15235 is divided by 4597.
1444
Calculate the remainder when 9730 is divided by 3140.
310
What is the remainder when 1842 is divided by 26?
22
What is the remainder when 109011 is divided by 54485?
41
Calculate the remainder when 5882 is divided by 1436.
138
What is the remainder when 8228 is divided by 4114?
0
Calculate the remainder when 958799 is divided by 1020.
1019
Calculate the remainder when 9863 is divided by 921.
653
Calculate the remainder when 407054 is divided by 3392.
14
What is the remainder when 19081 is divided by 586?
329
Calculate the remainder when 7022 is divided by 482.
274
Calculate the remainder when 624985 is divided by 312474.
37
What is the remainder when 31752 is divided by 15830?
92
Calculate the remainder when 2264059 is divided by 137.
134
Calculate the remainder when 65970 is divided by 503.
77
Calculate the remainder when 129511 is divided by 11.
8
What is the remainder when 1095 is divided by 180?
15
What is the remainder when 7202 is divided by 655?
652
What is the remainder when 313994 is divided by 534?
2
Calculate the remainder when 30475 is divided by 10136.
67
What is the remainder when 21554 is divided by 829?
0
What is the remainder when 24640 is divided by 239?
23
Calculate the remainder when 667944 is divided by 99.
90
What is the remainder when 8811 is divided by 13?
10
What is the remainder when 10605 is divided by 13?
10
Calculate the remainder when 91846 is divided by 152.
38
Calculate the remainder when 85886 is divided by 57.
44
What is the remainder when 373874 is divided by 62308?
26
Calculate the remainder w